2331
Convert 249a (base 11) to base 6.
23023
194b (base 13) to base 16
ec5
What is -67b (base 12) in base 16?
-3bf
What is -a55 (base 14) in base 9?
-2711
Convert 23d (base 16) to base 11.
481
Convert -1112221 (base 3) to base 14.
-5ac
Convert -13115 (base 10) to base 16.
-333b
Convert 32004 (base 5) to base 7.
6131
-14118 (base 9) to base 2
-10010101100111
What is 100011 (base 3) in base 6?
1051
1240222 (base 5) to base 15
7392
What is -5267 (base 8) in base 10?
-2743
What is -62 (base 16) in base 13?
-77
Convert 406 (base 16) to base 8.
2006
Convert 1311 (base 15) to base 6.
30454
What is 313 (base 5) in base 12?
6b
What is 8aa (base 15) in base 5?
30320
Convert -201221 (base 6) to base 13.
-72a6
Convert 15a (base 13) to base 10.
244
6 (base 8) to base 12
6
-120120 (base 4) to base 14
-7d6
44001 (base 5) to base 6
21521
9da (base 14) to base 7
5463
-21197 (base 11) to base 4
-13201320
-1120211 (base 3) to base 5
-14111
121001 (base 3) to base 9
531
Convert 2b13 (base 13) to base 10.
6269
-120000 (base 3) to base 12
-299
What is -53414 (base 6) in base 3?
-100222201
-3312 (base 4) to base 5
-1441
What is -89 (base 14) in base 16?
-79
-1490 (base 13) to base 16
-bae
Convert 101010100010 (base 2) to base 7.
10636
Convert 676 (base 9) to base 10.
555
36b (base 15) to base 9
1052
-41271 (base 9) to base 12
-138a7
Convert 23152 (base 7) to base 10.
5917
Convert 122 (base 3) to base 7.
23
What is 2443 (base 6) in base 3?
211100
What is -510 (base 9) in base 8?
-636
1b92 (base 15) to base 14
2279
Convert a76 (base 14) to base 2.
100000010000
Convert b5c (base 13) to base 5.
30221
Convert -1b6 (base 15) to base 7.
-1104
Convert 4160 (base 10) to base 7.
15062
What is 222010002 (base 3) in base 16?
4a5d
314105 (base 6) to base 7
134300
Convert a82 (base 16) to base 13.
12bc
What is 1265 (base 8) in base 2?
1010110101
What is -1100310 (base 4) in base 10?
-5172
-2003201 (base 4) to base 2
-10000011100001
fb (base 16) to base 2
11111011
-60787 (base 9) to base 14
-10820
What is 346 (base 9) in base 6?
1153
-105 (base 13) to base 2
-10101110
What is 1374 (base 11) in base 7?
5114
Convert 130222 (base 4) to base 15.
824
What is 102121201 (base 3) in base 6?
103114
Convert 1001100010101 (base 2) to base 15.
16aa
What is 657 (base 8) in base 16?
1af
-47ca (base 16) to base 6
-221030
1320 (base 5) to base 11
181
ee (base 15) to base 13
143
Convert 100022 (base 3) to base 12.
18b
What is -87a (base 16) in base 12?
-130a
-16176 (base 8) to base 2
-1110001111110
-11217 (base 10) to base 12
-65a9
What is -2311 (base 7) in base 8?
-1511
-c75a (base 13) to base 6
-331514
What is -165 (base 7) in base 16?
-60
What is -220 (base 13) in base 3?
-111111
What is -71 (base 10) in base 4?
-1013
-5a44 (base 11) to base 9
-11762
What is a326 (base 16) in base 5?
2314031
-300243 (base 5) to base 6
-111424
What is -a133 (base 16) in base 15?
-c362
134041 (base 5) to base 4
1112101
-1300 (base 7) to base 10
-490
-4032 (base 7) to base 4
-111303
What is -649 (base 11) in base 4?
-30023
Convert 2483 (base 10) to base 5.
34413
110110001 (base 2) to base 13
274
What is 3142022 (base 5) in base 3?
2200101011
What is 921 (base 12) in base 13?
7a8
Convert -101032 (base 4) to base 3.
-1111211
-210031 (base 5) to base 16
-1aeb
Convert -12120 (base 4) to base 7.
-1122
What is -5dc (base 15) in base 7?
-3612
11101000111 (base 2) to base 6
12343
What is 110200 (base 4) in base 3?
1210121
What is 1782 (base 9) in base 13?
815
Convert 31420 (base 7) to base 5.
222011
-b91 (base 14) to base 10
-2283
What is 142f (base 16) in base 8?
12057
101111 (base 7) to base 15
5172
What is 110101110111110 (base 2) in base 6?
331410
28680 (base 9) to base 11
13729
66152 (base 7) to base 13
76c1
Convert -37776 (base 8) to base 3.
-211110202
4d29 (base 16) to base 2
100110100101001
1d24 (base 16) to base 10
7460
What is 336 (base 15) in base 10?
726
What is 2821 (base 10) in base 6?
21021
60 (base 10) to base 8
74
Convert 699 (base 12) to base 13.
5a6
-20 (base 6) to base 15
-c
Convert 1b81 (base 15) to base 2.
1011101010011
What is -242522 (base 6) in base 16?
-5372
Convert 73124 (base 9) to base 6.
1011121
Convert 1c5a (base 15) to base 3.
22110011
What is 102305 (base 7) in base 5?
1031040
Convert 180 (base 16) to base 9.
466
-212 (base 5) to base 12
-49
Convert -2058 (base 13) to base 11.
-33a1
1e7 (base 16) to base 14
26b
Convert -3201 (base 6) to base 4.
-23101
Convert 332313 (base 4) to base 2.
111110110111
Convert 975 (base 15) to base 13.
c83
10100111101111101 (base 2) to base 11
59588
Convert -15b (base 12) to base 10.
-215
What is 49b (base 14) in base 13?
55b
What is 2a96 (base 12) in base 2?
1001110010010
What is 13737 (base 9) in base 15?
2b84
What is 8de4 (base 15) in base 5?
1431024
What is -4013102 (base 5) in base 3?
-10020010212
Convert 333 (base 8) to base 4.
3123
Convert -52517 (base 8) to base 9.
-32855
249 (base 16) to base 7
1464
7028 (base 9) to base 15
17be
-1510 (base 7) to base 15
-29a
What is -74250 (base 8) in base 7?
-156024
11222 (base 3) to base 4
2012
Convert 1408 (base 9) to base 6.
4525
Convert -3510 (base 7) to base 14.
-677
Convert -b13 (base 13) to base 16.
-753
5216 (base 13) to base 15
3562
-2102212 (base 3) to base 12
-1042
Convert 613 (base 9) to base 10.
498
111101211 (base 3) to base 9
14354
200210 (base 3) to base 4
13323
Convert 61514 (base 9) to base 10.
40513
Convert 2100 (base 4) to base 11.
121
Convert -3726 (base 15) to base 6.
-130200
1122200 (base 3) to base 4
102312
Convert -465 (base 8) to base 3.
-102110
What is -210221 (base 4) in base 6?
-14505
What is 452544 (base 6) in base 12?
1a154
What is 1522 (base 7) in base 11?
4aa
What is 230320 (base 4) in base 15?
cb7
What is 144 (base 13) in base 16?
e1
Convert -25662 (base 10) to base 9.
-38173
Convert -b162 (base 14) to base 8.
-73402
Convert 16004 (base 7) to base 9.
6108
Convert 345 (base 8) to base 3.
22111
Convert -135003 (base 6) to base 14.
-4907
-253b (base 13) to base 9
-7226
1311 (base 11) to base 5
23311
Convert -1203 (base 5) to base 7.
-343
Convert 130 (base 10) to base 14.
94
-cba8 (base 16) to base 8
-145650
Convert 291 (base 13) to base 11.
385
466 (base 9) to base 6
1440
111111100011001 (base 2) to base 13
11a6b
20101212 (base 3) to base 8
11073
Convert -311 (base 4) to base 10.
-53
13312 (base 6) to base 9
2738
725 (base 8) to base 5
3334
What is 66 (base 11) in base 5?
242
Convert -898 (base 10) to base 16.
-382
What is 12022 (base 3) in base 8?
217
704 (base 8) to base 10
452
10311 (base 4) to base 9
373
What is 3541 (base 7) in base 11?
a85
Convert -10310 (base 9) to base 16.
-1a9d
Convert -bde6 (base 15) to base 16.
-9d4a
Convert 102212 (base 3) to base 11.
271
What is -75a (base 14) in base 12?
-a10
72a (base 13) to base 5
14334
1332 (base 7) to base 9
630
What is -115 (base 6) in base 8?
-57
What is 2a29 (base 11) in base 10?
3903
What is 229 (base 12) in base 10?
321
-1222231 (base 4) to base 15
-2054
54357 (base 9) to base 11
25072
63a (base 11) to base 15
364
Convert -b8a (base 15) to base 9.
-3514
10111111010 (base 2) to base 5
22110
Convert 832 (base 16) to base 14.
a9c
Convert -4125 (base 10) to base 9.
-5583
Convert 1463 (base 8) to base 15.
399
Convert 1bf (base 16) to base 13.
285
Convert 59b (base 13) to base 16.
3cd
190 (base 13) to base 3
101121
-22011012 (base 3) to base 14
-2249
Convert -385 (base 10) to base 13.
-238
22200 (base 5) to base 12
a92
What is 47431 (base 8) in base 12?
b875
Convert 11321 (base 4) to base 2.
101111001
62388 (base 9) to base 3
2002102222
-43200 (base 5) to base 8
-5555
Convert -247 (base 9) to base 3.
-21121
997 (base 15) to base 10
2167
11401 (base 11) to base 15
4d22
What is -4255 (base 7) in base 8?
-2746
1f7f (base 16) to base 4
1331333
What is -11023 (base 4) in base 5?
-2311
What is -105314 (base 6) in base 9?
-13271
Convert -1001000111001010 (base 2) to base 6.
-444442
19a7 (base 11) to base 15
b42
Convert 1275 (base 9) to base 7.
2540
What is -10314 (base 5) in base 8?
-1305
What is 23034 (base 9) in base 13?
6ca0
What is 202231 (base 7) in base 13?
12889
Convert -23 (base 10) to base 9.
-25
What is 2a2 (base 15) in base 7?
1520
-103002123 (base 4) to base 16
-1309b
What is -102222 (base 3) in base 6?
-1255
Convert -2111220